{"id":3461627,"date":"2024-05-03T18:04:42","date_gmt":"2024-05-03T16:04:42","guid":{"rendered":"https:\/\/www.parc-marais-poitevin.fr\/wp-content\/uploads\/Capture-decran-2024-05-03-180421.png"},"modified":"2024-05-03T18:04:42","modified_gmt":"2024-05-03T16:04:42","slug":"capture-decran-2024-05-03-180421-2","status":"inherit","type":"attachment","link":"https:\/\/www.parc-marais-poitevin.fr\/en\/hiking\/baludik\/attachment\/capture-decran-2024-05-03-180421-2","title":{"rendered":"Capture d&#8217;\u00e9cran 2024-05-03 180421"},"author":93,"featured_media":0,"comment_status":"closed","ping_status":"closed","template":"","meta":{"_acf_changed":false},"class_list":["post-3461627","attachment","type-attachment","status-inherit","hentry"],"acf":[],"yoast_head":"<!-- This site is optimized with the Yoast SEO plugin v27.4 - https:\/\/yoast.com\/product\/yoast-seo-wordpress\/ -->\n<title>Capture d&#039;\u00e9cran 2024-05-03 180421 - Parc naturel r\u00e9gional du Marais Poitevin<\/title>\n<meta name=\"robots\" content=\"noindex, follow\" \/>\n<meta property=\"og:locale\" content=\"en_US\" \/>\n<meta property=\"og:type\" content=\"article\" \/>\n<meta property=\"og:title\" content=\"Capture d&#039;\u00e9cran 2024-05-03 180421 - Parc naturel r\u00e9gional du Marais Poitevin\" \/>\n<meta property=\"og:url\" content=\"https:\/\/www.parc-marais-poitevin.fr\/wp-content\/uploads\/Capture-decran-2024-05-03-180421.png\" \/>\n<meta property=\"og:site_name\" content=\"Parc naturel r\u00e9gional du Marais Poitevin\" \/>\n<meta property=\"article:publisher\" content=\"https:\/\/www.facebook.com\/maraispoitevin\/?hc_ref=ARQeKb9V-sbM1kDdVWlIbaWIpv5yka-O3swsGYO6H-2y9Y0CCjocu5iD755qPX_Lw4M&amp;amp%3bamp%3bamp%3bfref=nf&amp;amp%3bamp%3bamp%3b__xts__%5b0%5d=68.ARCfleZPLGwYX5LUt4QpJuxLJYyGSthZh8UwvuvhZpkBoyV3LLE36xC-3_FSMbmLItXN4d22E3Y1rlaroQu9tCTya8xK2flFsVH2eT2BG9futewNpZoK6j_uZdl_OvsEWligbp90d3bgW37RjqSu9OoyDW8MHlAW089w-i3ZmlsyXXu9FQV8mYobT0vSM8L-Xdp38bBoHYgdJr1uadhAY2lOhQrS02Hr8fYhA3u_CXHrbAwZaKH7I6lQvaEcwornyuU6e_DH_KyHre_DcJQNfq05kxFzTw8_CyoeydHkA67J6UFui5zcfw\" \/>\n<meta property=\"og:image\" content=\"https:\/\/www.parc-marais-poitevin.fr\/wp-content\/uploads\/Capture-decran-2024-05-03-180421.png\" \/>\n\t<meta property=\"og:image:width\" content=\"1311\" \/>\n\t<meta property=\"og:image:height\" content=\"875\" \/>\n\t<meta property=\"og:image:type\" content=\"image\/png\" \/>\n<meta name=\"twitter:card\" content=\"summary_large_image\" \/>\n<script type=\"application\/ld+json\" class=\"yoast-schema-graph\">{\"@context\":\"https:\\\/\\\/schema.org\",\"@graph\":[{\"@type\":\"WebPage\",\"@id\":\"https:\\\/\\\/www.parc-marais-poitevin.fr\\\/wp-content\\\/uploads\\\/Capture-decran-2024-05-03-180421.png\",\"url\":\"https:\\\/\\\/www.parc-marais-poitevin.fr\\\/wp-content\\\/uploads\\\/Capture-decran-2024-05-03-180421.png\",\"name\":\"Capture d'\u00e9cran 2024-05-03 180421 - Parc naturel r\u00e9gional du Marais Poitevin\",\"isPartOf\":{\"@id\":\"http:\\\/\\\/www.parc-marais-poitevin.fr\\\/en\\\/#website\"},\"datePublished\":\"2024-05-03T16:04:42+00:00\",\"breadcrumb\":{\"@id\":\"https:\\\/\\\/www.parc-marais-poitevin.fr\\\/wp-content\\\/uploads\\\/Capture-decran-2024-05-03-180421.png#breadcrumb\"},\"inLanguage\":\"en-US\",\"potentialAction\":[{\"@type\":\"ReadAction\",\"target\":[\"https:\\\/\\\/www.parc-marais-poitevin.fr\\\/wp-content\\\/uploads\\\/Capture-decran-2024-05-03-180421.png\"]}]},{\"@type\":\"BreadcrumbList\",\"@id\":\"https:\\\/\\\/www.parc-marais-poitevin.fr\\\/wp-content\\\/uploads\\\/Capture-decran-2024-05-03-180421.png#breadcrumb\",\"itemListElement\":[{\"@type\":\"ListItem\",\"position\":1,\"name\":\"Accueil\",\"item\":\"http:\\\/\\\/www.parc-marais-poitevin.fr\\\/en\"},{\"@type\":\"ListItem\",\"position\":2,\"name\":\"Baludik, your connected partner for your trips in the Marais poitevin\",\"item\":\"https:\\\/\\\/www.parc-marais-poitevin.fr\\\/en\\\/hiking\\\/baludik\"},{\"@type\":\"ListItem\",\"position\":3,\"name\":\"Capture d&#8217;\u00e9cran 2024-05-03 180421\"}]},{\"@type\":\"WebSite\",\"@id\":\"http:\\\/\\\/www.parc-marais-poitevin.fr\\\/en\\\/#website\",\"url\":\"http:\\\/\\\/www.parc-marais-poitevin.fr\\\/en\\\/\",\"name\":\"Parc naturel r\u00e9gional du Marais Poitevin\",\"description\":\"Partez \u00e0 la d\u00e9couverte du Parc naturel r\u00e9gional du Marais poitevin : activit\u00e9s, id\u00e9es de visites et conseils pour pr\u00e9parer votre s\u00e9jour.\",\"potentialAction\":[{\"@type\":\"SearchAction\",\"target\":{\"@type\":\"EntryPoint\",\"urlTemplate\":\"http:\\\/\\\/www.parc-marais-poitevin.fr\\\/en\\\/?s={search_term_string}\"},\"query-input\":{\"@type\":\"PropertyValueSpecification\",\"valueRequired\":true,\"valueName\":\"search_term_string\"}}],\"inLanguage\":\"en-US\"}]}<\/script>\n<!-- \/ Yoast SEO plugin. -->","yoast_head_json":{"title":"Capture d'\u00e9cran 2024-05-03 180421 - Parc naturel r\u00e9gional du Marais Poitevin","robots":{"index":"noindex","follow":"follow"},"og_locale":"en_US","og_type":"article","og_title":"Capture d'\u00e9cran 2024-05-03 180421 - Parc naturel r\u00e9gional du Marais Poitevin","og_url":"https:\/\/www.parc-marais-poitevin.fr\/wp-content\/uploads\/Capture-decran-2024-05-03-180421.png","og_site_name":"Parc naturel r\u00e9gional du Marais Poitevin","article_publisher":"https:\/\/www.facebook.com\/maraispoitevin\/?hc_ref=ARQeKb9V-sbM1kDdVWlIbaWIpv5yka-O3swsGYO6H-2y9Y0CCjocu5iD755qPX_Lw4M&amp%3bamp%3bamp%3bfref=nf&amp%3bamp%3bamp%3b__xts__%5b0%5d=68.ARCfleZPLGwYX5LUt4QpJuxLJYyGSthZh8UwvuvhZpkBoyV3LLE36xC-3_FSMbmLItXN4d22E3Y1rlaroQu9tCTya8xK2flFsVH2eT2BG9futewNpZoK6j_uZdl_OvsEWligbp90d3bgW37RjqSu9OoyDW8MHlAW089w-i3ZmlsyXXu9FQV8mYobT0vSM8L-Xdp38bBoHYgdJr1uadhAY2lOhQrS02Hr8fYhA3u_CXHrbAwZaKH7I6lQvaEcwornyuU6e_DH_KyHre_DcJQNfq05kxFzTw8_CyoeydHkA67J6UFui5zcfw","og_image":[{"width":1311,"height":875,"url":"https:\/\/www.parc-marais-poitevin.fr\/wp-content\/uploads\/Capture-decran-2024-05-03-180421.png","type":"image\/png"}],"twitter_card":"summary_large_image","schema":{"@context":"https:\/\/schema.org","@graph":[{"@type":"WebPage","@id":"https:\/\/www.parc-marais-poitevin.fr\/wp-content\/uploads\/Capture-decran-2024-05-03-180421.png","url":"https:\/\/www.parc-marais-poitevin.fr\/wp-content\/uploads\/Capture-decran-2024-05-03-180421.png","name":"Capture d'\u00e9cran 2024-05-03 180421 - Parc naturel r\u00e9gional du Marais Poitevin","isPartOf":{"@id":"http:\/\/www.parc-marais-poitevin.fr\/en\/#website"},"datePublished":"2024-05-03T16:04:42+00:00","breadcrumb":{"@id":"https:\/\/www.parc-marais-poitevin.fr\/wp-content\/uploads\/Capture-decran-2024-05-03-180421.png#breadcrumb"},"inLanguage":"en-US","potentialAction":[{"@type":"ReadAction","target":["https:\/\/www.parc-marais-poitevin.fr\/wp-content\/uploads\/Capture-decran-2024-05-03-180421.png"]}]},{"@type":"BreadcrumbList","@id":"https:\/\/www.parc-marais-poitevin.fr\/wp-content\/uploads\/Capture-decran-2024-05-03-180421.png#breadcrumb","itemListElement":[{"@type":"ListItem","position":1,"name":"Accueil","item":"http:\/\/www.parc-marais-poitevin.fr\/en"},{"@type":"ListItem","position":2,"name":"Baludik, your connected partner for your trips in the Marais poitevin","item":"https:\/\/www.parc-marais-poitevin.fr\/en\/hiking\/baludik"},{"@type":"ListItem","position":3,"name":"Capture d&#8217;\u00e9cran 2024-05-03 180421"}]},{"@type":"WebSite","@id":"http:\/\/www.parc-marais-poitevin.fr\/en\/#website","url":"http:\/\/www.parc-marais-poitevin.fr\/en\/","name":"Parc naturel r\u00e9gional du Marais Poitevin","description":"Partez \u00e0 la d\u00e9couverte du Parc naturel r\u00e9gional du Marais poitevin : activit\u00e9s, id\u00e9es de visites et conseils pour pr\u00e9parer votre s\u00e9jour.","potentialAction":[{"@type":"SearchAction","target":{"@type":"EntryPoint","urlTemplate":"http:\/\/www.parc-marais-poitevin.fr\/en\/?s={search_term_string}"},"query-input":{"@type":"PropertyValueSpecification","valueRequired":true,"valueName":"search_term_string"}}],"inLanguage":"en-US"}]}},"description":{"rendered":"<p class=\"attachment\"><a href='https:\/\/www.parc-marais-poitevin.fr\/wp-content\/uploads\/Capture-decran-2024-05-03-180421.png'><img loading=\"lazy\" decoding=\"async\" width=\"300\" height=\"200\" src=\"https:\/\/www.parc-marais-poitevin.fr\/wp-content\/uploads\/Capture-decran-2024-05-03-180421-300x200.png\" class=\"attachment-medium size-medium\" alt=\"\" srcset=\"https:\/\/www.parc-marais-poitevin.fr\/wp-content\/uploads\/Capture-decran-2024-05-03-180421-300x200.png 300w, https:\/\/www.parc-marais-poitevin.fr\/wp-content\/uploads\/Capture-decran-2024-05-03-180421-1024x683.png 1024w, https:\/\/www.parc-marais-poitevin.fr\/wp-content\/uploads\/Capture-decran-2024-05-03-180421-768x513.png 768w, https:\/\/www.parc-marais-poitevin.fr\/wp-content\/uploads\/Capture-decran-2024-05-03-180421.png 1311w\" sizes=\"auto, (max-width: 300px) 100vw, 300px\" \/><\/a><\/p>\n"},"caption":{"rendered":""},"alt_text":"","media_type":"image","mime_type":"image\/png","media_details":{"width":1311,"height":875,"file":"Capture-decran-2024-05-03-180421.png","filesize":2023611,"sizes":{"medium":{"file":"Capture-decran-2024-05-03-180421-300x200.png","width":300,"height":200,"filesize":112273,"mime_type":"image\/png","source_url":"https:\/\/www.parc-marais-poitevin.fr\/wp-content\/uploads\/Capture-decran-2024-05-03-180421-300x200.png"},"large":{"file":"Capture-decran-2024-05-03-180421-1024x683.png","width":1024,"height":683,"filesize":1078616,"mime_type":"image\/png","source_url":"https:\/\/www.parc-marais-poitevin.fr\/wp-content\/uploads\/Capture-decran-2024-05-03-180421-1024x683.png"},"thumbnail":{"file":"Capture-decran-2024-05-03-180421-150x150.png","width":150,"height":150,"filesize":45341,"mime_type":"image\/png","source_url":"https:\/\/www.parc-marais-poitevin.fr\/wp-content\/uploads\/Capture-decran-2024-05-03-180421-150x150.png"},"medium_large":{"file":"Capture-decran-2024-05-03-180421-768x513.png","width":768,"height":513,"filesize":640007,"mime_type":"image\/png","source_url":"https:\/\/www.parc-marais-poitevin.fr\/wp-content\/uploads\/Capture-decran-2024-05-03-180421-768x513.png"},"profil":{"file":"Capture-decran-2024-05-03-180421-200x200.png","width":200,"height":200,"filesize":76377,"mime_type":"image\/png","source_url":"https:\/\/www.parc-marais-poitevin.fr\/wp-content\/uploads\/Capture-decran-2024-05-03-180421-200x200.png"},"530x356":{"file":"Capture-decran-2024-05-03-180421-530x356.png","width":530,"height":356,"filesize":324452,"mime_type":"image\/png","source_url":"https:\/\/www.parc-marais-poitevin.fr\/wp-content\/uploads\/Capture-decran-2024-05-03-180421-530x356.png"},"370x370":{"file":"Capture-decran-2024-05-03-180421-370x370.png","width":370,"height":370,"filesize":236651,"mime_type":"image\/png","source_url":"https:\/\/www.parc-marais-poitevin.fr\/wp-content\/uploads\/Capture-decran-2024-05-03-180421-370x370.png"},"825x464":{"file":"Capture-decran-2024-05-03-180421-825x464.png","width":825,"height":464,"filesize":630865,"mime_type":"image\/png","source_url":"https:\/\/www.parc-marais-poitevin.fr\/wp-content\/uploads\/Capture-decran-2024-05-03-180421-825x464.png"},"1920x610":{"file":"Capture-decran-2024-05-03-180421-1311x610.png","width":1311,"height":610,"filesize":1382488,"mime_type":"image\/png","source_url":"https:\/\/www.parc-marais-poitevin.fr\/wp-content\/uploads\/Capture-decran-2024-05-03-180421-1311x610.png"},"500x500":{"file":"Capture-decran-2024-05-03-180421-500x500.png","width":500,"height":500,"filesize":411141,"mime_type":"image\/png","source_url":"https:\/\/www.parc-marais-poitevin.fr\/wp-content\/uploads\/Capture-decran-2024-05-03-180421-500x500.png"},"full":{"file":"Capture-decran-2024-05-03-180421.png","width":1311,"height":875,"mime_type":"image\/png","source_url":"https:\/\/www.parc-marais-poitevin.fr\/wp-content\/uploads\/Capture-decran-2024-05-03-180421.png"}},"image_meta":{"aperture":"0","credit":"","camera":"","caption":"","created_timestamp":"0","copyright":"","focal_length":"0","iso":"0","shutter_speed":"0","title":"","orientation":"0","keywords":[]}},"post":2927985,"source_url":"https:\/\/www.parc-marais-poitevin.fr\/wp-content\/uploads\/Capture-decran-2024-05-03-180421.png","_links":{"self":[{"href":"https:\/\/www.parc-marais-poitevin.fr\/en\/wp-json\/wp\/v2\/media\/3461627","targetHints":{"allow":["GET"]}}],"collection":[{"href":"https:\/\/www.parc-marais-poitevin.fr\/en\/wp-json\/wp\/v2\/media"}],"about":[{"href":"https:\/\/www.parc-marais-poitevin.fr\/en\/wp-json\/wp\/v2\/types\/attachment"}],"author":[{"embeddable":true,"href":"https:\/\/www.parc-marais-poitevin.fr\/en\/wp-json\/wp\/v2\/users\/93"}],"replies":[{"embeddable":true,"href":"https:\/\/www.parc-marais-poitevin.fr\/en\/wp-json\/wp\/v2\/comments?post=3461627"}],"wp:attached-to":[{"embeddable":true,"post_type":"post","id":2927985,"href":"https:\/\/www.parc-marais-poitevin.fr\/en\/wp-json\/wp\/v2\/posts\/2927985"}],"curies":[{"name":"wp","href":"https:\/\/api.w.org\/{rel}","templated":true}]}}

Capture d&#8217;écran 2024-05-03 180421

<!-- This site is optimized with the Yoast SEO plugin v27.4 - https://yoast.com/product/yoast-seo-wordpress/ -->
<title>Capture d&#039;écran 2024-05-03 180421 - Parc naturel régional du Marais Poitevin</title>
<meta name="robots" content="noindex, follow" />
<meta property="og:locale" content="en_US" />
<meta property="og:type" content="article" />
<meta property="og:title" content="Capture d&#039;écran 2024-05-03 180421 - Parc naturel régional du Marais Poitevin" />
<meta property="og:url" content="https://www.parc-marais-poitevin.fr/wp-content/uploads/Capture-decran-2024-05-03-180421.png" />
<meta property="og:site_name" content="Parc naturel régional du Marais Poitevin" />
<meta property="article:publisher" content="https://www.facebook.com/maraispoitevin/?hc_ref=ARQeKb9V-sbM1kDdVWlIbaWIpv5yka-O3swsGYO6H-2y9Y0CCjocu5iD755qPX_Lw4M&amp;amp%3bamp%3bamp%3bfref=nf&amp;amp%3bamp%3bamp%3b__xts__%5b0%5d=68.ARCfleZPLGwYX5LUt4QpJuxLJYyGSthZh8UwvuvhZpkBoyV3LLE36xC-3_FSMbmLItXN4d22E3Y1rlaroQu9tCTya8xK2flFsVH2eT2BG9futewNpZoK6j_uZdl_OvsEWligbp90d3bgW37RjqSu9OoyDW8MHlAW089w-i3ZmlsyXXu9FQV8mYobT0vSM8L-Xdp38bBoHYgdJr1uadhAY2lOhQrS02Hr8fYhA3u_CXHrbAwZaKH7I6lQvaEcwornyuU6e_DH_KyHre_DcJQNfq05kxFzTw8_CyoeydHkA67J6UFui5zcfw" />
<meta property="og:image" content="https://www.parc-marais-poitevin.fr/wp-content/uploads/Capture-decran-2024-05-03-180421.png" />
	<meta property="og:image:width" content="1311" />
	<meta property="og:image:height" content="875" />
	<meta property="og:image:type" content="image/png" />
<meta name="twitter:card" content="summary_large_image" />
<script type="application/ld+json" class="yoast-schema-graph">{"@context":"https:\/\/schema.org","@graph":[{"@type":"WebPage","@id":"https:\/\/www.parc-marais-poitevin.fr\/wp-content\/uploads\/Capture-decran-2024-05-03-180421.png","url":"https:\/\/www.parc-marais-poitevin.fr\/wp-content\/uploads\/Capture-decran-2024-05-03-180421.png","name":"Capture d'écran 2024-05-03 180421 - Parc naturel régional du Marais Poitevin","isPartOf":{"@id":"http:\/\/www.parc-marais-poitevin.fr\/en\/#website"},"datePublished":"2024-05-03T16:04:42+00:00","breadcrumb":{"@id":"https:\/\/www.parc-marais-poitevin.fr\/wp-content\/uploads\/Capture-decran-2024-05-03-180421.png#breadcrumb"},"inLanguage":"en-US","potentialAction":[{"@type":"ReadAction","target":["https:\/\/www.parc-marais-poitevin.fr\/wp-content\/uploads\/Capture-decran-2024-05-03-180421.png"]}]},{"@type":"BreadcrumbList","@id":"https:\/\/www.parc-marais-poitevin.fr\/wp-content\/uploads\/Capture-decran-2024-05-03-180421.png#breadcrumb","itemListElement":[{"@type":"ListItem","position":1,"name":"Accueil","item":"http:\/\/www.parc-marais-poitevin.fr\/en"},{"@type":"ListItem","position":2,"name":"Baludik, your connected partner for your trips in the Marais poitevin","item":"https:\/\/www.parc-marais-poitevin.fr\/en\/hiking\/baludik"},{"@type":"ListItem","position":3,"name":"Capture d&#8217;écran 2024-05-03 180421"}]},{"@type":"WebSite","@id":"http:\/\/www.parc-marais-poitevin.fr\/en\/#website","url":"http:\/\/www.parc-marais-poitevin.fr\/en\/","name":"Parc naturel régional du Marais Poitevin","description":"Partez à la découverte du Parc naturel régional du Marais poitevin : activités, idées de visites et conseils pour préparer votre séjour.","potentialAction":[{"@type":"SearchAction","target":{"@type":"EntryPoint","urlTemplate":"http:\/\/www.parc-marais-poitevin.fr\/en\/?s={search_term_string}"},"query-input":{"@type":"PropertyValueSpecification","valueRequired":true,"valueName":"search_term_string"}}],"inLanguage":"en-US"}]}</script>
<!-- / Yoast SEO plugin. -->

Capture d'écran 2024-05-03 180421 - Parc naturel régional du Marais Poitevin

Parc naturel régional du Marais Poitevin

Partez à la découverte du Parc naturel régional du Marais poitevin : activités, idées de visites et conseils pour préparer votre séjour.
