{"id":3462989,"date":"2025-03-14T17:39:14","date_gmt":"2025-03-14T16:39:14","guid":{"rendered":"https:\/\/www.parc-marais-poitevin.fr\/wp-content\/uploads\/gardon2-sophie606.jpg"},"modified":"2025-08-19T17:25:44","modified_gmt":"2025-08-19T15:25:44","slug":"gardon2-sophie606-2","status":"inherit","type":"attachment","link":"https:\/\/www.parc-marais-poitevin.fr\/en\/gardon2-sophie606-2","title":{"rendered":"gardon2 sophie606"},"author":93,"featured_media":0,"comment_status":"closed","ping_status":"closed","template":"","meta":{"_acf_changed":false},"class_list":["post-3462989","attachment","type-attachment","status-inherit","hentry"],"acf":[],"yoast_head":"<!-- This site is optimized with the Yoast SEO plugin v27.4 - https:\/\/yoast.com\/product\/yoast-seo-wordpress\/ -->\n<title>gardon2 sophie606 - Parc naturel r\u00e9gional du Marais Poitevin<\/title>\n<meta name=\"robots\" content=\"noindex, follow\" \/>\n<meta property=\"og:locale\" content=\"en_US\" \/>\n<meta property=\"og:type\" content=\"article\" \/>\n<meta property=\"og:title\" content=\"gardon2 sophie606 - Parc naturel r\u00e9gional du Marais Poitevin\" \/>\n<meta property=\"og:url\" content=\"http:\/\/www.parc-marais-poitevin.fr\/wp-content\/uploads\/gardon2-sophie606.jpg\" \/>\n<meta property=\"og:site_name\" content=\"Parc naturel r\u00e9gional du Marais Poitevin\" \/>\n<meta property=\"article:publisher\" content=\"https:\/\/www.facebook.com\/maraispoitevin\/?hc_ref=ARQeKb9V-sbM1kDdVWlIbaWIpv5yka-O3swsGYO6H-2y9Y0CCjocu5iD755qPX_Lw4M&amp;amp%3bamp%3bamp%3bfref=nf&amp;amp%3bamp%3bamp%3b__xts__%5b0%5d=68.ARCfleZPLGwYX5LUt4QpJuxLJYyGSthZh8UwvuvhZpkBoyV3LLE36xC-3_FSMbmLItXN4d22E3Y1rlaroQu9tCTya8xK2flFsVH2eT2BG9futewNpZoK6j_uZdl_OvsEWligbp90d3bgW37RjqSu9OoyDW8MHlAW089w-i3ZmlsyXXu9FQV8mYobT0vSM8L-Xdp38bBoHYgdJr1uadhAY2lOhQrS02Hr8fYhA3u_CXHrbAwZaKH7I6lQvaEcwornyuU6e_DH_KyHre_DcJQNfq05kxFzTw8_CyoeydHkA67J6UFui5zcfw\" \/>\n<meta property=\"article:modified_time\" content=\"2025-08-19T15:25:44+00:00\" \/>\n<meta property=\"og:image\" content=\"http:\/\/www.parc-marais-poitevin.fr\/wp-content\/uploads\/gardon2-sophie606.jpg\" \/>\n\t<meta property=\"og:image:width\" content=\"611\" \/>\n\t<meta property=\"og:image:height\" content=\"406\" \/>\n\t<meta property=\"og:image:type\" content=\"image\/jpeg\" \/>\n<meta name=\"twitter:card\" content=\"summary_large_image\" \/>\n<script type=\"application\/ld+json\" class=\"yoast-schema-graph\">{\"@context\":\"https:\\\/\\\/schema.org\",\"@graph\":[{\"@type\":\"WebPage\",\"@id\":\"http:\\\/\\\/www.parc-marais-poitevin.fr\\\/wp-content\\\/uploads\\\/gardon2-sophie606.jpg\",\"url\":\"http:\\\/\\\/www.parc-marais-poitevin.fr\\\/wp-content\\\/uploads\\\/gardon2-sophie606.jpg\",\"name\":\"gardon2 sophie606 - Parc naturel r\u00e9gional du Marais Poitevin\",\"isPartOf\":{\"@id\":\"http:\\\/\\\/www.parc-marais-poitevin.fr\\\/en\\\/#website\"},\"datePublished\":\"2025-03-14T16:39:14+00:00\",\"dateModified\":\"2025-08-19T15:25:44+00:00\",\"breadcrumb\":{\"@id\":\"http:\\\/\\\/www.parc-marais-poitevin.fr\\\/wp-content\\\/uploads\\\/gardon2-sophie606.jpg#breadcrumb\"},\"inLanguage\":\"en-US\",\"potentialAction\":[{\"@type\":\"ReadAction\",\"target\":[\"http:\\\/\\\/www.parc-marais-poitevin.fr\\\/wp-content\\\/uploads\\\/gardon2-sophie606.jpg\"]}]},{\"@type\":\"BreadcrumbList\",\"@id\":\"http:\\\/\\\/www.parc-marais-poitevin.fr\\\/wp-content\\\/uploads\\\/gardon2-sophie606.jpg#breadcrumb\",\"itemListElement\":[{\"@type\":\"ListItem\",\"position\":1,\"name\":\"Accueil\",\"item\":\"http:\\\/\\\/www.parc-marais-poitevin.fr\\\/en\"},{\"@type\":\"ListItem\",\"position\":2,\"name\":\"gardon2 sophie606\"}]},{\"@type\":\"WebSite\",\"@id\":\"http:\\\/\\\/www.parc-marais-poitevin.fr\\\/en\\\/#website\",\"url\":\"http:\\\/\\\/www.parc-marais-poitevin.fr\\\/en\\\/\",\"name\":\"Parc naturel r\u00e9gional du Marais Poitevin\",\"description\":\"Partez \u00e0 la d\u00e9couverte du Parc naturel r\u00e9gional du Marais poitevin : activit\u00e9s, id\u00e9es de visites et conseils pour pr\u00e9parer votre s\u00e9jour.\",\"potentialAction\":[{\"@type\":\"SearchAction\",\"target\":{\"@type\":\"EntryPoint\",\"urlTemplate\":\"http:\\\/\\\/www.parc-marais-poitevin.fr\\\/en\\\/?s={search_term_string}\"},\"query-input\":{\"@type\":\"PropertyValueSpecification\",\"valueRequired\":true,\"valueName\":\"search_term_string\"}}],\"inLanguage\":\"en-US\"}]}<\/script>\n<!-- \/ Yoast SEO plugin. -->","yoast_head_json":{"title":"gardon2 sophie606 - Parc naturel r\u00e9gional du Marais Poitevin","robots":{"index":"noindex","follow":"follow"},"og_locale":"en_US","og_type":"article","og_title":"gardon2 sophie606 - Parc naturel r\u00e9gional du Marais Poitevin","og_url":"http:\/\/www.parc-marais-poitevin.fr\/wp-content\/uploads\/gardon2-sophie606.jpg","og_site_name":"Parc naturel r\u00e9gional du Marais Poitevin","article_publisher":"https:\/\/www.facebook.com\/maraispoitevin\/?hc_ref=ARQeKb9V-sbM1kDdVWlIbaWIpv5yka-O3swsGYO6H-2y9Y0CCjocu5iD755qPX_Lw4M&amp%3bamp%3bamp%3bfref=nf&amp%3bamp%3bamp%3b__xts__%5b0%5d=68.ARCfleZPLGwYX5LUt4QpJuxLJYyGSthZh8UwvuvhZpkBoyV3LLE36xC-3_FSMbmLItXN4d22E3Y1rlaroQu9tCTya8xK2flFsVH2eT2BG9futewNpZoK6j_uZdl_OvsEWligbp90d3bgW37RjqSu9OoyDW8MHlAW089w-i3ZmlsyXXu9FQV8mYobT0vSM8L-Xdp38bBoHYgdJr1uadhAY2lOhQrS02Hr8fYhA3u_CXHrbAwZaKH7I6lQvaEcwornyuU6e_DH_KyHre_DcJQNfq05kxFzTw8_CyoeydHkA67J6UFui5zcfw","article_modified_time":"2025-08-19T15:25:44+00:00","og_image":[{"width":611,"height":406,"url":"http:\/\/www.parc-marais-poitevin.fr\/wp-content\/uploads\/gardon2-sophie606.jpg","type":"image\/jpeg"}],"twitter_card":"summary_large_image","schema":{"@context":"https:\/\/schema.org","@graph":[{"@type":"WebPage","@id":"http:\/\/www.parc-marais-poitevin.fr\/wp-content\/uploads\/gardon2-sophie606.jpg","url":"http:\/\/www.parc-marais-poitevin.fr\/wp-content\/uploads\/gardon2-sophie606.jpg","name":"gardon2 sophie606 - Parc naturel r\u00e9gional du Marais Poitevin","isPartOf":{"@id":"http:\/\/www.parc-marais-poitevin.fr\/en\/#website"},"datePublished":"2025-03-14T16:39:14+00:00","dateModified":"2025-08-19T15:25:44+00:00","breadcrumb":{"@id":"http:\/\/www.parc-marais-poitevin.fr\/wp-content\/uploads\/gardon2-sophie606.jpg#breadcrumb"},"inLanguage":"en-US","potentialAction":[{"@type":"ReadAction","target":["http:\/\/www.parc-marais-poitevin.fr\/wp-content\/uploads\/gardon2-sophie606.jpg"]}]},{"@type":"BreadcrumbList","@id":"http:\/\/www.parc-marais-poitevin.fr\/wp-content\/uploads\/gardon2-sophie606.jpg#breadcrumb","itemListElement":[{"@type":"ListItem","position":1,"name":"Accueil","item":"http:\/\/www.parc-marais-poitevin.fr\/en"},{"@type":"ListItem","position":2,"name":"gardon2 sophie606"}]},{"@type":"WebSite","@id":"http:\/\/www.parc-marais-poitevin.fr\/en\/#website","url":"http:\/\/www.parc-marais-poitevin.fr\/en\/","name":"Parc naturel r\u00e9gional du Marais Poitevin","description":"Partez \u00e0 la d\u00e9couverte du Parc naturel r\u00e9gional du Marais poitevin : activit\u00e9s, id\u00e9es de visites et conseils pour pr\u00e9parer votre s\u00e9jour.","potentialAction":[{"@type":"SearchAction","target":{"@type":"EntryPoint","urlTemplate":"http:\/\/www.parc-marais-poitevin.fr\/en\/?s={search_term_string}"},"query-input":{"@type":"PropertyValueSpecification","valueRequired":true,"valueName":"search_term_string"}}],"inLanguage":"en-US"}]}},"description":{"rendered":"<p class=\"attachment\"><a href='https:\/\/www.parc-marais-poitevin.fr\/wp-content\/uploads\/gardon2-sophie606.jpg'><img loading=\"lazy\" decoding=\"async\" width=\"300\" height=\"199\" src=\"https:\/\/www.parc-marais-poitevin.fr\/wp-content\/uploads\/gardon2-sophie606-300x199.jpg\" class=\"attachment-medium size-medium\" alt=\"Deux gardons\" srcset=\"https:\/\/www.parc-marais-poitevin.fr\/wp-content\/uploads\/gardon2-sophie606-300x199.jpg 300w, https:\/\/www.parc-marais-poitevin.fr\/wp-content\/uploads\/gardon2-sophie606.jpg 611w\" sizes=\"auto, (max-width: 300px) 100vw, 300px\" \/><\/a><\/p>\n"},"caption":{"rendered":""},"alt_text":"Deux gardons","media_type":"image","mime_type":"image\/jpeg","media_details":{"width":611,"height":406,"file":"gardon2-sophie606.jpg","filesize":58662,"sizes":{"medium":{"file":"gardon2-sophie606-300x199.jpg","width":300,"height":199,"filesize":9138,"mime_type":"image\/jpeg","source_url":"https:\/\/www.parc-marais-poitevin.fr\/wp-content\/uploads\/gardon2-sophie606-300x199.jpg"},"thumbnail":{"file":"gardon2-sophie606-150x150.jpg","width":150,"height":150,"filesize":4052,"mime_type":"image\/jpeg","source_url":"https:\/\/www.parc-marais-poitevin.fr\/wp-content\/uploads\/gardon2-sophie606-150x150.jpg"},"profil":{"file":"gardon2-sophie606-200x200.jpg","width":200,"height":200,"filesize":6315,"mime_type":"image\/jpeg","source_url":"https:\/\/www.parc-marais-poitevin.fr\/wp-content\/uploads\/gardon2-sophie606-200x200.jpg"},"530x356":{"file":"gardon2-sophie606-530x356.jpg","width":530,"height":356,"filesize":23029,"mime_type":"image\/jpeg","source_url":"https:\/\/www.parc-marais-poitevin.fr\/wp-content\/uploads\/gardon2-sophie606-530x356.jpg"},"370x370":{"file":"gardon2-sophie606-370x370.jpg","width":370,"height":370,"filesize":17346,"mime_type":"image\/jpeg","source_url":"https:\/\/www.parc-marais-poitevin.fr\/wp-content\/uploads\/gardon2-sophie606-370x370.jpg"},"500x500":{"file":"gardon2-sophie606-500x406.jpg","width":500,"height":406,"filesize":26486,"mime_type":"image\/jpeg","source_url":"https:\/\/www.parc-marais-poitevin.fr\/wp-content\/uploads\/gardon2-sophie606-500x406.jpg"},"full":{"file":"gardon2-sophie606.jpg","width":611,"height":406,"mime_type":"image\/jpeg","source_url":"https:\/\/www.parc-marais-poitevin.fr\/wp-content\/uploads\/gardon2-sophie606.jpg"}},"image_meta":{"aperture":"0","credit":"","camera":"","caption":"","created_timestamp":"0","copyright":"","focal_length":"0","iso":"0","shutter_speed":"0","title":"","orientation":"0","keywords":[]}},"post":null,"source_url":"https:\/\/www.parc-marais-poitevin.fr\/wp-content\/uploads\/gardon2-sophie606.jpg","_links":{"self":[{"href":"https:\/\/www.parc-marais-poitevin.fr\/en\/wp-json\/wp\/v2\/media\/3462989","targetHints":{"allow":["GET"]}}],"collection":[{"href":"https:\/\/www.parc-marais-poitevin.fr\/en\/wp-json\/wp\/v2\/media"}],"about":[{"href":"https:\/\/www.parc-marais-poitevin.fr\/en\/wp-json\/wp\/v2\/types\/attachment"}],"author":[{"embeddable":true,"href":"https:\/\/www.parc-marais-poitevin.fr\/en\/wp-json\/wp\/v2\/users\/93"}],"replies":[{"embeddable":true,"href":"https:\/\/www.parc-marais-poitevin.fr\/en\/wp-json\/wp\/v2\/comments?post=3462989"}]}}

<!-- This site is optimized with the Yoast SEO plugin v27.4 - https://yoast.com/product/yoast-seo-wordpress/ -->
<title>gardon2 sophie606 - Parc naturel régional du Marais Poitevin</title>
<meta name="robots" content="noindex, follow" />
<meta property="og:locale" content="en_US" />
<meta property="og:type" content="article" />
<meta property="og:title" content="gardon2 sophie606 - Parc naturel régional du Marais Poitevin" />
<meta property="og:url" content="http://www.parc-marais-poitevin.fr/wp-content/uploads/gardon2-sophie606.jpg" />
<meta property="og:site_name" content="Parc naturel régional du Marais Poitevin" />
<meta property="article:publisher" content="https://www.facebook.com/maraispoitevin/?hc_ref=ARQeKb9V-sbM1kDdVWlIbaWIpv5yka-O3swsGYO6H-2y9Y0CCjocu5iD755qPX_Lw4M&amp;amp%3bamp%3bamp%3bfref=nf&amp;amp%3bamp%3bamp%3b__xts__%5b0%5d=68.ARCfleZPLGwYX5LUt4QpJuxLJYyGSthZh8UwvuvhZpkBoyV3LLE36xC-3_FSMbmLItXN4d22E3Y1rlaroQu9tCTya8xK2flFsVH2eT2BG9futewNpZoK6j_uZdl_OvsEWligbp90d3bgW37RjqSu9OoyDW8MHlAW089w-i3ZmlsyXXu9FQV8mYobT0vSM8L-Xdp38bBoHYgdJr1uadhAY2lOhQrS02Hr8fYhA3u_CXHrbAwZaKH7I6lQvaEcwornyuU6e_DH_KyHre_DcJQNfq05kxFzTw8_CyoeydHkA67J6UFui5zcfw" />
<meta property="article:modified_time" content="2025-08-19T15:25:44+00:00" />
<meta property="og:image" content="http://www.parc-marais-poitevin.fr/wp-content/uploads/gardon2-sophie606.jpg" />
	<meta property="og:image:width" content="611" />
	<meta property="og:image:height" content="406" />
	<meta property="og:image:type" content="image/jpeg" />
<meta name="twitter:card" content="summary_large_image" />
<script type="application/ld+json" class="yoast-schema-graph">{"@context":"https:\/\/schema.org","@graph":[{"@type":"WebPage","@id":"http:\/\/www.parc-marais-poitevin.fr\/wp-content\/uploads\/gardon2-sophie606.jpg","url":"http:\/\/www.parc-marais-poitevin.fr\/wp-content\/uploads\/gardon2-sophie606.jpg","name":"gardon2 sophie606 - Parc naturel régional du Marais Poitevin","isPartOf":{"@id":"http:\/\/www.parc-marais-poitevin.fr\/en\/#website"},"datePublished":"2025-03-14T16:39:14+00:00","dateModified":"2025-08-19T15:25:44+00:00","breadcrumb":{"@id":"http:\/\/www.parc-marais-poitevin.fr\/wp-content\/uploads\/gardon2-sophie606.jpg#breadcrumb"},"inLanguage":"en-US","potentialAction":[{"@type":"ReadAction","target":["http:\/\/www.parc-marais-poitevin.fr\/wp-content\/uploads\/gardon2-sophie606.jpg"]}]},{"@type":"BreadcrumbList","@id":"http:\/\/www.parc-marais-poitevin.fr\/wp-content\/uploads\/gardon2-sophie606.jpg#breadcrumb","itemListElement":[{"@type":"ListItem","position":1,"name":"Accueil","item":"http:\/\/www.parc-marais-poitevin.fr\/en"},{"@type":"ListItem","position":2,"name":"gardon2 sophie606"}]},{"@type":"WebSite","@id":"http:\/\/www.parc-marais-poitevin.fr\/en\/#website","url":"http:\/\/www.parc-marais-poitevin.fr\/en\/","name":"Parc naturel régional du Marais Poitevin","description":"Partez à la découverte du Parc naturel régional du Marais poitevin : activités, idées de visites et conseils pour préparer votre séjour.","potentialAction":[{"@type":"SearchAction","target":{"@type":"EntryPoint","urlTemplate":"http:\/\/www.parc-marais-poitevin.fr\/en\/?s={search_term_string}"},"query-input":{"@type":"PropertyValueSpecification","valueRequired":true,"valueName":"search_term_string"}}],"inLanguage":"en-US"}]}</script>
<!-- / Yoast SEO plugin. -->

gardon2 sophie606 - Parc naturel régional du Marais Poitevin

Parc naturel régional du Marais Poitevin

Partez à la découverte du Parc naturel régional du Marais poitevin : activités, idées de visites et conseils pour préparer votre séjour.
